te the remainder when 3934 is divided by 937.
186
Calculate the remainder when 428038 is divided by 120.
118
What is the remainder when 63919 is divided by 659?
655
What is the remainder when 94749 is divided by 252?
249
What is the remainder when 42101 is divided by 257?
210
What is the remainder when 135239 is divided by 15?
14
Calculate the remainder when 1520 is divided by 503.
11
What is the remainder when 34438 is divided by 11237?
727
Calculate the remainder when 4503 is divided by 454.
417
Calculate the remainder when 14210 is divided by 834.
32
Calculate the remainder when 293 is divided by 44.
29
Calculate the remainder when 12998 is divided by 4221.
335
What is the remainder when 1704 is divided by 255?
174
What is the remainder when 3229 is divided by 15?
4
What is the remainder when 4076 is divided by 16?
12
What is the remainder when 2345 is divided by 292?
9
What is the remainder when 1934 is divided by 45?
44
What is the remainder when 2133 is divided by 50?
33
Calculate the remainder when 952 is divided by 690.
262
What is the remainder when 172582 is divided by 102?
100
What is the remainder when 28181 is divided by 585?
101
Calculate the remainder when 1415 is divided by 313.
163
What is the remainder when 1956 is divided by 24?
12
Calculate the remainder when 89578 is divided by 975.
853
What is the remainder when 6157 is divided by 88?
85
What is the remainder when 1893 is divided by 51?
6
Calculate the remainder when 6500 is divided by 134.
68
What is the remainder when 13967 is divided by 62?
17
Calculate the remainder when 21623 is divided by 21615.
8
Calculate the remainder when 558 is divided by 200.
158
Calculate the remainder when 38828 is divided by 301.
300
What is the remainder when 647 is divided by 234?
179
What is the remainder when 46694 is divided by 46694?
0
Calculate the remainder when 102990 is divided by 168.
6
Calculate the remainder when 15686 is divided by 106.
104
What is the remainder when 10434 is divided by 3473?
15
What is the remainder when 17635 is divided by 649?
112
Calculate the remainder when 226186 is divided by 137.
136
Calculate the remainder when 58196 is divided by 57.
56
What is the remainder when 146287 is divided by 1742?
1701
What is the remainder when 5848 is divided by 444?
76
What is the remainder when 545086 is divided by 5?
1
Calculate the remainder when 14664 is divided by 610.
24
Calculate the remainder when 9233222 is divided by 572.
570
What is the remainder when 42289 is divided by 194?
191
What is the remainder when 16219 is divided by 266?
259
What is the remainder when 24825 is divided by 3542?
31
What is the remainder when 747 is divided by 130?
97
Calculate the remainder when 162043 is divided by 1228.
1175
Calculate the remainder when 3399 is divided by 71.
62
Calculate the remainder when 807143 is divided by 12.
11
Calculate the remainder when 48578 is divided by 6.
2
What is the remainder when 4010 is divided by 60?
50
What is the remainder when 11199 is divided by 63?
48
What is the remainder when 2810 is divided by 24?
2
Calculate the remainder when 4231 is divided by 387.
361
Calculate the remainder when 65496 is divided by 50.
46
Calculate the remainder when 686754 is divided by 425.
379
Calculate the remainder when 13885 is divided by 49.
18
Calculate the remainder when 12856 is divided by 515.
496
Calculate the remainder when 359885 is divided by 13.
6
What is the remainder when 7004 is divided by 1460?
1164
Calculate the remainder when 339462 is divided by 169721.
20
What is the remainder when 170574 is divided by 85284?
6
What is the remainder when 15990 is divided by 514?
56
What is the remainder when 934 is divided by 189?
178
What is the remainder when 18437 is divided by 461?
458
Calculate the remainder when 1357 is divided by 361.
274
Calculate the remainder when 5480331 is divided by 1711.
1709
Calculate the remainder when 136681 is divided by 42.
13
Calculate the remainder when 250615 is divided by 175.
15
Calculate the remainder when 24871 is divided by 9.
4
Calculate the remainder when 6899 is divided by 777.
683
What is the remainder when 3178 is divided by 915?
433
What is the remainder when 11220 is divided by 806?
742
Calculate the remainder when 9154 is divided by 905.
104
What is the remainder when 8605 is divided by 116?
21
Calculate the remainder when 5080 is divided by 37.
11
Calculate the remainder when 864 is divided by 218.
210
What is the remainder when 184761 is divided by 620?
1
What is the remainder when 783 is divided by 283?
217
Calculate the remainder when 151352 is divided by 251.
250
Calculate the remainder when 2300 is divided by 2286.
14
What is the remainder when 24515 is divided by 1362?
1361
What is the remainder when 73701 is divided by 137?
132
What is the remainder when 301046 is divided by 60206?
16
What is the remainder when 15312 is divided by 766?
758
Calculate the remainder when 955 is divided by 73.
6
What is the remainder when 1108 is divided by 267?
40
What is the remainder when 22605 is divided by 569?
414
What is the remainder when 254 is divided by 166?
88
What is the remainder when 35185 is divided by 58?
37
What is the remainder when 3185 is divided by 3161?
24
Calculate the remainder when 10175 is divided by 1268.
31
What is the remainder when 1079 is divided by 71?
14
What is the remainder when 72099 is divided by 135?
9
Calculate the remainder when 105940 is divided by 152.
148
Calculate the remainder when 14071 is divided by 7031.
9
What is the remainder when 4071 is divided by 291?
288
What is the remainder when 5454 is divided by 776?
22
What is the remainder when 1388491 is divided by 28?
27
Calculate the remainder when 55059 is divided by 7864.
11
What is the remainder when 11874 is divided by 1693?
23
Calculate the remainder when 7405 is divided by 121.
24
Calculate the remainder when 78397 is divided by 197.
188
What is the remainder when 1021 is divided by 99?
31
Calculate the remainder when 5082 is divided by 506.
22
What is the remainder when 514723 is divided by 514718?
5
What is the remainder when 32881 is divided by 112?
65
What is the remainder when 1508 is divided by 340?
148
Calculate the remainder when 47887 is divided by 237.
13
Calculate the remainder when 54024 is divided by 81.
78
Calculate the remainder when 185437 is divided by 3434.
1
Calculate the remainder when 36728 is divided by 119.
76
Calculate the remainder when 3885 is divided by 1271.
72
What is the remainder when 131958 is divided by 985?
953
What is the remainder when 84151 is divided by 274?
33
Calculate the remainder when 14820 is divided by 14.
8
Calculate the remainder when 97452 is divided by 141.
21
What is the remainder when 3562708 is divided by 1113?
1108
Calculate the remainder when 405666 is divided by 37.
35
What is the remainder when 51090 is divided by 236?
114
What is the remainder when 234343 is divided by 15?
13
Calculate the remainder when 25120 is divided by 8192.
544
What is the remainder when 309464 is divided by 299?
298
Calculate the remainder when 214334 is divided by 486.
8
What is the remainder when 5518 is divided by 309?
265
Calculate the remainder when 624 is divided by 313.
311
What is the remainder when 14617 is divided by 14360?
257
Calculate the remainder when 10998 is divided by 149.
121
What is the remainder when 344971 is divided by 248?
3
What is the remainder when 40525 is divided by 57?
55
What is the remainder when 1750 is divided by 399?
154
What is the remainder when 3016 is divided by 121?
112
What is the remainder when 49907 is divided by 9981?
2
Calculate the remainder when 28874 is divided by 401.
2
Calculate the remainder when 29082 is divided by 7266.
18
Calculate the remainder when 16606 is divided by 16215.
391
What is the remainder when 691 is divided by 322?
47
Calculate the remainder when 270 is divided by 241.
29
What is the remainder when 18919 is divided by 131?
55
What is the remainder when 30598 is divided by 4364?
50
What is the remainder when 13227 is divided by 5?
2
What is the remainder when 34420 is divided by 85?
80
Calculate the remainder when 2612 is divided by 423.
74
Calculate the remainder when 1704 is divided by 519.
147
Calculate the remainder 